{"id":81,"date":"2016-12-13T21:39:14","date_gmt":"2016-12-13T20:39:14","guid":{"rendered":"http:\/\/www.esba.dz\/\/\/?page_id=81"},"modified":"2023-09-24T02:46:26","modified_gmt":"2023-09-24T01:46:26","slug":"a-propos-de-lecole","status":"publish","type":"page","link":"https:\/\/esba.dz\/?page_id=81","title":{"rendered":"A propos de l&rsquo;\u00e9cole"},"content":{"rendered":"<p>L&rsquo;Ecole des Beaux-Arts d&rsquo;Alger est fond\u00e9e en 1843. D&rsquo;\u00e9cole de dessin, l&rsquo;\u00e9tablissement devient \u00e9cole municipale en 1848, puis \u00e9cole Nationale des Beaux-Arts d&rsquo;Alger en 1881. En 1945 d\u00e9bute la construction du site actuel de l&rsquo;\u00e9cole par les architectes L\u00e9o Claro et Jacques Darbeda.<\/p>\n<p>A l&rsquo;Ind\u00e9pendance, en 1962, l&rsquo;\u00e9cole forme la fois les \u00e9tudiants en architecture et les \u00e9tudiants des beaux-arts, jusqu&rsquo;au transfert des architectes l&rsquo;EPAU en 1970. En 1985, l&rsquo;\u00e9cole acquiert le statut d&rsquo;\u00e9cole sup\u00e9rieure et devient l&rsquo;Ecole Sup\u00e9rieure des Beaux-Arts d&rsquo;Alger.<\/p>\n<p>la suite du double assassinat du directeur de l&rsquo;\u00e9cole et de son fils au sein m\u00eame de l&rsquo;\u00e9tablissement le 5 mars 1994, l&rsquo;\u00e9cole est renomme leur m\u00e9moire Ecole Sup\u00e9rieure des Beaux Arts d&rsquo;Alger Ahmed et Rabah-Selim Asselah.<\/p>\n","protected":false},"excerpt":{"rendered":"<p>L&rsquo;Ecole des Beaux-Arts d&rsquo;Alger est fond\u00e9e en 1843. D&rsquo;\u00e9cole de dessin, l&rsquo;\u00e9tablissement devient \u00e9cole municipale en 1848, puis \u00e9cole Nationale des Beaux-Arts d&rsquo;Alger en 1881. En 1945 d\u00e9bute la construction du site actuel de l&rsquo;\u00e9cole par les architectes L\u00e9o Claro et Jacques Darbeda. A l&rsquo;Ind\u00e9pendance, en 1962, l&rsquo;\u00e9cole forme la fois les \u00e9tudiants en architecture et les \u00e9tudiants des beaux-arts, jusqu&rsquo;au transfert des architectes l&rsquo;EPAU en 1970. En 1985, l&rsquo;\u00e9cole acquiert le statut d&rsquo;\u00e9cole sup\u00e9rieure et devient l&rsquo;Ecole Sup\u00e9rieure des Beaux-Arts d&rsquo;Alger. la suite du double assassinat du directeur de l&rsquo;\u00e9cole et de son fils au sein m\u00eame de l&rsquo;\u00e9tablissement le 5 mars 1994, l&rsquo;\u00e9cole est renomme leur m\u00e9moire Ecole Sup\u00e9rieure des Beaux Arts d&rsquo;Alger Ahmed et Rabah-Selim Asselah.<\/p>\n","protected":false},"author":1,"featured_media":0,"parent":89,"menu_order":0,"comment_status":"closed","ping_status":"closed","template":"","meta":{"footnotes":""},"class_list":["post-81","page","type-page","status-publish","hentry"],"_links":{"self":[{"href":"https:\/\/esba.dz\/index.php?rest_route=\/wp\/v2\/pages\/81","targetHints":{"allow":["GET"]}}],"collection":[{"href":"https:\/\/esba.dz\/index.php?rest_route=\/wp\/v2\/pages"}],"about":[{"href":"https:\/\/esba.dz\/index.php?rest_route=\/wp\/v2\/types\/page"}],"author":[{"embeddable":true,"href":"https:\/\/esba.dz\/index.php?rest_route=\/wp\/v2\/users\/1"}],"replies":[{"embeddable":true,"href":"https:\/\/esba.dz\/index.php?rest_route=%2Fwp%2Fv2%2Fcomments&post=81"}],"version-history":[{"count":13,"href":"https:\/\/esba.dz\/index.php?rest_route=\/wp\/v2\/pages\/81\/revisions"}],"predecessor-version":[{"id":3125,"href":"https:\/\/esba.dz\/index.php?rest_route=\/wp\/v2\/pages\/81\/revisions\/3125"}],"up":[{"embeddable":true,"href":"https:\/\/esba.dz\/index.php?rest_route=\/wp\/v2\/pages\/89"}],"wp:attachment":[{"href":"https:\/\/esba.dz\/index.php?rest_route=%2Fwp%2Fv2%2Fmedia&parent=81"}],"curies":[{"name":"wp","href":"https:\/\/api.w.org\/{rel}","templated":true}]}}